02046044 + -6?
102046036
In base 16, what is 17 - e44ec1?
-e44eaa
In base 5, what is -11201 - -244223?
233022
In base 10, what is -2 - 68494?
-68496
In base 3, what is 12101222200 - -11012?
12102010212
In base 8, what is -11602 + 3034?
-6546
In base 12, what is 1150785 + a0?
1150865
In base 11, what is 10a8a9 - 41a?
10a48a
In base 6, what is 355 - 1434255?
-1433500
In base 11, what is -4125 + 8864?
473a
In base 9, what is -1 - -210613005?
210613004
In base 14, what is 477 - -a138?
a5b1
In base 8, what is 470 + -1025?
-335
In base 5, what is -2103320102 - 410?
-2103321012
In base 7, what is -164 + -3105014?
-3105211
In base 7, what is 56665536 + -1?
56665535
In base 7, what is 50366 - -140466?
221165
In base 12, what is 35a3897 - 2?
35a3895
In base 7, what is 121661 + 1340?
123331
In base 3, what is 12220 - 110200102020?
-110200012100
In base 11, what is -233 + 112a0?
11068
In base 10, what is 2120 - -109600?
111720
In base 11, what is -4 - 194785?
-194789
In base 13, what is -976 - -20a6?
1430
In base 7, what is 34 + 110235?
110302
In base 6, what is -11043141132 - 5?
-11043141141
In base 16, what is -bdc - -2d1a?
213e
In base 15, what is 5cc13 - 20a?
5ca08
In base 5, what is 1032141131200 - 0?
1032141131200
In base 12, what is -28b41 - -244?
-288b9
In base 9, what is 1865816 + 135?
1866052
In base 3, what is 10 - -21202200010002?
21202200010012
In base 4, what is 32300202202 + 1022?
32300203230
In base 3, what is -11010 + 100100222122?
100100211112
In base 5, what is -11330340101 - 1?
-11330340102
In base 6, what is 2001041 - -1202?
2002243
In base 12, what is 0 + -143937a?
-143937a
In base 15, what is 21de77 + 8c?
21e014
In base 9, what is -31372 - -3151?
-27221
In base 13, what is -5 - a866807?
-a86680c
In base 10, what is 5 + 273389641?
273389646
In base 4, what is 2101 - -23203132?
23211233
In base 3, what is 122121110120 + 101002?
122121211122
In base 15, what is 14e3 + a461?
b954
In base 10, what is -301 + 263744?
263443
In base 4, what is -110012102320 - -10?
-110012102310
In base 13, what is -16 + 4149a0?
414987
In base 15, what is 2ddb663 + 1?
2ddb664
In base 7, what is -51 + -425003?
-425054
In base 11, what is 46096704 - 2?
46096702
In base 12, what is -27 - 1a2253?
-1a227a
In base 16, what is 1c0f + -18?
1bf7
In base 2, what is -100 - 110011100100110010010010?
-110011100100110010010110
In base 12, what is -19a + -84594a?
-845b28
In base 16, what is 5a491f - 14?
5a490b
In base 3, what is 10 - -22120011002201?
22120011002211
In base 14, what is 0 + acc9b3?
acc9b3
In base 13, what is 9538 + -b97?
8671
In base 16, what is f7c9 - -2e?
f7f7
In base 8, what is 5 - 62464734?
-62464727
In base 15, what is 320452 + 0?
320452
In base 9, what is -11530 - 88601?
-111231
In base 7, what is -530 + -55224?
-56054
In base 14, what is -9109 - -44c?
-8a9b
In base 14, what is 2 + a8544d?
a85451
In base 5, what is -20020214421 + 1?
-20020214420
In base 11, what is -3712 + 88?
-3635
In base 7, what is -3665265 + -10?
-3665305
In base 4, what is -22100130103 + -2300?
-22100133003
In base 11, what is 39768 - 1315?
38453
In base 7, what is 133401 + -542?
132526
In base 4, what is -2023121 + -11113111?
-13202232
In base 13, what is -16b1 - 719a3?
-73384
In base 4, what is 2100133211 - 10?
2100133201
In base 9, what is -2 - -1818074?
1818072
In base 12, what is 4b - -478602?
478651
In base 10, what is 1593592 - 0?
1593592
In base 7, what is -113 - 66640026?
-66640142
In base 5, what is 111 - -13001231?
13001342
In base 4, what is 213011200 - -33132?
213110332
In base 13, what is -10007 - -33?
-cca4
In base 11, what is 4 + -868724?
-868720
In base 12, what is b2099a - 8?
b20992
In base 9, what is -1 - -312281873?
312281872
In base 15, what is 61c + -d9339?
-d8c1c
In base 8, what is 314 - -1177660?
1200174
In base 12, what is 43bb4 + 635?
44629
In base 4, what is 12121 - -203303211?
203321332
In base 9, what is -156 - -106703?
106536
In base 10, what is 14 - -2371927?
2371941
In base 6, what is -103040242 + -254?
-103040540
In base 6, what is 2303 + 35221040?
35223343
In base 2, what is -1111 - -10101101001110000100010?
10101101001110000010011
In base 9, what is 632420 - 170?
632240
In base 11, what is -9 - 2006a8?
-200706
In base 4, what is -103320331323 + 3?
-103320331320
In base 14, what is -dd6a - b?
-dd77
In base 16, what is -1218e6 + -2?
-1218e8
In base 9, what is -4760287 + 377?
-4758810
In base 2, what is 110010101 - -10111000101?
11101011010
In base 6, what is 220 + -2535340?
-2535120
In base 12, what is 2 - -a3822388?
a382238a
In base 4, what is 10 - 1012302010332?
-1012302010322
In base 13, what is -c236 - 1129?
-10362
In base 8, what is 0 - -220340?
220340
In base 5, what is -230200320 + 3231?
-230142034
In base 2, what is -11 + 101100111110000010000?
101100111110000001101
In base 2, what is 10011110001110010111 + 11010001?
10011110010001101000
In base 9, what is -106364051 - 3?
-106364054
In base 13, what is 1547c + 702?
15b81
In base 14, what is 61b904 + -d?
61b8d5
In base 11, what is 63933 - 33?
63900
In base 11, what is 3 + -32714119?
-32714116
In base 2, what is 10000101000111001110011 - -10111?
10000101000111010001010
In base 3, what is 2001110202121 - 20?
2001110202101
In base 2, what is 101111111001 - -10001101011?
1000001100100
In base 5, what is -12 - -20102304303?
20102304241
In base 15, what is -11ce - 6?
-11d5
In base 9, what is 161010 + -31?
160868
In base 10, what is 502 + -269904?
-269402
In base 9, what is 16 + -34103101?
-34103074
In base 7, what is 32 - 26636106?
-26636044
In base 2, what is -1000 - 1011010010001001011111?
-1011010010001001100111
In base 6, what is 445131022 - 12?
445131010
In base 16, what is c + -208f46c?
-208f460
In base 4, what is 33 - -1231303111232?
1231303111331
In base 12, what is -57 - 107807?
-107862
In base 2, what is -11110111111101011 - 110100100?
-11111000110001111
In base 9, what is -14313402 - -2?
-14313400
In base 12, what is 4b22 + 3517?
8439
In base 11, what is 5885326 + -24?
5885302
In base 16, what is 2b578 - -37?
2b5af
In base 15, what is 822da - -147?
82432
In base 14, what is 56411 - 1?
56410
In base 10, what is 950156 + 16?
950172
In base 12, what is -16ba290 + 5?
-16ba287
In base 2, what is 1001101000011010110101101 + -10100?
1001101000011010110011001
In base 9, what is -1656 - 13051?
-14717
In base 15, what is -2 - 33c050?
-33c052
In base 11, what is -1a16039 - -4?
-1a16035
In base 7, what is 633 + 326631?
330564
In base 10, what is 273 + -14293?
-14020
In base 10, what is -4 + 17607435?
17607431
In base 7, what is 5 - -3501203?
3501211
In base 15, what is 11e14 - 47?
11dbc
In base 15, what is 1cb9e606 + -1?
1cb9e605
In base 14, what is 22d1dc - -21?
22d21d
In base 2, what is 1 - -11111000001110111100101000?
11111000001110111100101001
In base 16, what is -4 + -309e58?
-309e5c
In base 14, what is -174263 + -3d?
-1742a2
In base 8, what is -1260 - -3775?
2515
In base 15, what is -80 - 18324?
-183a4
In base 13, what is 4 + -858199?
-858195
In base 16, what is -2 + 6d330b?
6d3309
In base 13, what is -1 - 6a93230?
-6a93231
In base 5, what is -20041 - -10123402?
10103311
In base 14, what is 5c102 + -1c1?
5bd21
In base 16, what is 22ae29 + a?
22ae33
In base 12, what is -14 + -634ab?
-63503
In base 3, what is 2011210111001011 - -1?
2011210111001012
In base 11, what is -76a499808 - 4?
-76a499811
In base 2, what is 111100111111010100011000101110 - -10?
111100111111010100011000110000
In base 11, what is 9a8 + 10672?
1156a
In base 5, what is -1011413432 + 4?
-1011413423
In base 6, what is -5 + -250020015?
-250020024
In base 15, what is -3a - 98c899?
-98c8d4
In base 3, what is 210020100212122 - 110?
210020100212012
In base 3, what is -10001202112 - 21?
-10001202210
In base 5, what is -2044 + 14423204?
14421110
In base 16, what is 3 + -172181?
-17217e
In base 14, what is -18 + -348d05?
-348d1d
In base 7, what is 3 - 146220315?
-146220312
In base 11, what is a9 + 25313?
25411
In base 2, what is -1 + -110010001001110100110011101?
-110010001001110100110011110
In base 8, what is 14647603 - -1?
14647604
In base 3, what is -1000102221210010 - -2112?
-1000102221200121
In base 11, what is 130017 + -26?
12aaa1
In base 4, what is -2002311 + 11322?
-1330323
In base 2, what is 10 + -1101110000100100001010?
